n). Let i = -25 - h. What is the units digit of i?
3
Let f = -15 - -39. Let i be f/16*(-100)/6. Let m = i - -33. What is the units digit of m?
8
Let i = 57 + -52. Suppose 0 = x - i*x + 380. What is the units digit of x?
5
Let b = 3 + 7. What is the units digit of (-2)/b - (-1)/((-15)/(-1068))?
1
Suppose -2*j + 52 = -0*j. Let g = j - 21. Suppose -80 = -g*o + o. What is the units digit of o?
0
Suppose 4*x = 34 - 10. Let a(u) be the second derivative of -u**5/20 + 2*u**4/3 - 7*u**3/6 + 3*u**2 - 16*u. What is the tens digit of a(x)?
3
Let u be (-2 - 2 - -2) + 26. Let k be 3*(-4)/u*-10. Suppose 5*j = 4*y - 129, -k*y - 3*j + 53 = -62. What is the tens digit of y?
2
Suppose 257 = -5*n + 2*k, -3*k = -4*n + 3*n - 41. Let w = n + 80. What is the units digit of w?
7
Suppose -3*g - 2*d = g - 82, 5*g + 5*d - 115 = 0. Let o = g + -16. Let c(w) = 3*w**3 - 3*w**2 + 4*w - 3. What is the tens digit of c(o)?
1
Suppose -379*v + 374*v + 10805 = 0. What is the thousands digit of v?
2
Let d = -28 - -42. Let w be 60/d - (-8)/(-28). What is the units digit of 3/w + (-171)/(-12)?
5
Suppose 4371 - 661 = 5*n + 5*d, -1490 = -2*n - 4*d. What is the hundreds digit of n?
7
Suppose 2*f + 0 - 7 = -y, -21 = -3*f - 5*y. Suppose -f*w + 81 + 93 = -4*g, -2*w - g = -194. What is the tens digit of w?
9
Let j(b) = b**2 + 12*b + 13. Let c be j(-11). Suppose c*w - 4*s - 76 = 0, s - 5*s + 56 = w. What is the units digit of w?
4
Let h = 46 + -43. Suppose -h*w - 57 = -4*w. What is the units digit of w?
7
Suppose -1 = v - 4. Suppose 0 = -v*g + 2*f + 31 + 102, f - 159 = -4*g. Suppose 0 = -2*r + g + 55. What is the tens digit of r?
4
Let m be 4/10 - 268/(-5). Suppose -2*c + m = 12. What is the units digit of c?
1
Suppose -4*m - 62 = -6*m. Suppose 0*i - i - 9 = 0. Let u = m + i. What is the units digit of u?
2
What is the units digit of -6 + 1 + (-20205)/(-9)?
0
Let i be (0/(-5))/(1 + -3). Suppose 2*a + 5*s - 23 = i, 4 = -5*s + 19. Suppose -2*h + a*h = 4. What is the units digit of h?
2
Let m(r) = 3 + 6 - 3 + 8 + 8*r + r**2. What is the units digit of m(-9)?
3
Let p(n) = -n**3 + 7*n**2 + 8*n + 6. Let h be p(8). Let i be 3/h*(-48)/(-6). Suppose -3*s - 7 - 5 = 0, -31 = -u + i*s. What is the units digit of u?
5
Suppose -4*o = 3*d - 8, 2*o + 5*d + 11 = 1. Suppose -o*y = -3*y - 20. Suppose -2*t = y, -44 = -3*r - 4*t + 50. What is the units digit of r?
8
Let t(u) = -u**3 - 11*u**2 - 13*u + 15. Let x(j) = j**3 - 12*j**2 - 2*j + 26. Let m be x(12). Suppose m*i + 6 = -14. What is the units digit of t(i)?
5
Let b(a) = -3*a**2 + a - 1. Suppose 3 = s + 1. Let v be b(s). Let d = 5 - v. What is the units digit of d?
6
Suppose 3*j - m = 105, 2*m - 24 = -5*j + 151. Let z = j - 26. What is the units digit of z?
9
Let i = 1664 + -458. What is the hundreds digit of i?
2
Let p(z) = -12*z - 2. Let u be p(-1). What is the tens digit of ((-6)/4)/(u/(-400))?
6
Suppose -14*o + 11*o = t - 236, 2*o = 5*t - 1163. What is the units digit of t?
3
Let j be (-6)/(-4)*(-20)/15. What is the units digit of j/((-6)/165) + 2?
7
Suppose 5*t = 2*w - 19, -11 = -5*w - t - 4. Suppose 0 = w*c - 3 - 35. What is the tens digit of c?
1
Let z be (-12)/(-30) - (-14)/(-10). Let n be (z - 1)/((-15)/315). Suppose 0*c + n = c. What is the tens digit of c?
4
Let w(y) = y**3 - 8*y**2 - 6*y - 12. Let o = 60 - 50. What is the tens digit of w(o)?
2
Let i = 87 + 55. What is the units digit of i?
2
Let r(h) be the third derivative of -7*h**4/24 + h**3/6 - 9*h**2. Let i be r(-10). Let d = i - 32. What is the tens digit of d?
3
What is the hundreds digit of (-10)/4 + 2/4 + 3242?
2
Let g(b) = -b**3 + 11*b**2 - 11*b + 10. Let r be g(10). What is the units digit of r - -61 - 1 - -3?
3
Let q(t) be the first derivative of 1/2*t**4 + 1/2*t**2 - 6 - 1/3*t**3 - t. What is the tens digit of q(2)?
1
Let v = -171 - -333. Suppose -b + v = 58. What is the hundreds digit of b?
1
Let h(x) = -299*x - 15. What is the units digit of h(-1)?
4
Suppose -11*s + 52 = -289. What is the tens digit of s?
3
Let b = -17 + 18. Let c(r) = -r**2 - 3*r + 1. Let k(q) = q. Let i(n) = b*c(n) + k(n). What is the units digit of i(-2)?
1
Let d be (-6)/15 + 156/(-10). Let z = d - -16. Suppose z = -5*i - 5*x + 65, -i + 28 = -0*i + 4*x. What is the units digit of i?
8
Let l(z) = 520*z**2 + 22*z - 22. What is the hundreds digit of l(1)?
5
What is the thousands digit of 1023 - -1*(-2 - (-1)/1)?
1
Suppose 3 + 0 = z. Suppose -z*v - 3*r + 339 = 0, 6*r - 4*r = v - 98. What is the hundreds digit of v?
1
What is the tens digit of (6096/10)/(3 - 108/40)?
3
Let q be (24/20)/(3/(-10)). Let j be ((-75)/(-10))/(2/q). What is the tens digit of (10/j)/((-2)/144)?
4
Let i(z) = 36*z - 9. Let j = -8 - -13. Let m be i(j). Let w = m - 122. What is the tens digit of w?
4
Suppose -5*v = -2*i + 860, 1299 = -0*i + 3*i - 3*v. What is the units digit of i?
5
Let a be 6/(-27) - 14/(-63). Suppose 3*c = -a*b + b + 15, 3*b - 7 = -4*c. Suppose 47 - c = o. What is the tens digit of o?
4
Let q = 2393 + -1343. What is the thousands digit of q?
1
Let a(t) = -t**3 + 13*t**2 - 2*t - 24. Suppose 12*h - 3*h = 108. What is the tens digit of a(h)?
9
Suppose -3 = 2*o - o, -5*o + 15 = -5*n. What is the hundreds digit of (8/(-20))/(3/185)*n?
1
Suppose -2*w + 4*w - 4*v = -6, -5*w = -v + 15. Suppose -23*h - m - 21 = -24*h, 5 = -5*m. Let q = h + w. What is the tens digit of q?
1
Let t(k) = -247*k - 138. What is the tens digit of t(-7)?
9
Let x be (-2)/1*56/16. What is the hundreds digit of 1/x + 6280/56?
1
Suppose -9*y = 2*y - 17292. Suppose y + 1276 = 16*v. What is the tens digit of v?
7
Let r = 183 - -1522. What is the hundreds digit of r?
7
What is the thousands digit of (79245/90)/(1/2)?
1
Let g(o) = 8*o + 4. Let h be g(-2). Let d = 14 + h. Suppose -l + 2*c + d*c = -52, -5*l + 135 = 5*c. What is the units digit of l?
2
Suppose 12*a = 4222 - 1018. What is the units digit of a?
7
Let g = 122 - 105. Suppose 0 = g*s - 2828 + 1094. What is the units digit of s?
2
Suppose 0 = -5*o - 0 + 125. Suppose -8 = -p + o. What is the units digit of p?
3
Let j(y) = y**2 + 5*y + 1. Let v = 9 - 14. Let a be j(v). Suppose 5 = q - a. What is the units digit of q?
6
Suppose 6*m + 2183 = 7469. What is the hundreds digit of m?
8
Let o = -3 + 8. Suppose o*c - 5*t = 110, 5*t - 66 = -6*c + 3*c. Let q = c - 2. What is the units digit of q?
0
Let p(z) = 25*z**2 - 3*z - 2. What is the tens digit of p(-1)?
2
Let n be 4/3*(3 - 0). Suppose -t + 4*s + 131 = 0, 4*s = t + n*t - 655. What is the tens digit of t?
3
What is the units digit of (-5)/35 - (26174/(-7) - -5)?
4
Let w(s) = -77*s - 20. What is the hundreds digit of w(-6)?
4
Suppose -10281 = 10*u - 14*u + 5*k, 2*u - 3*k = 5141. What is the units digit of u?
9
Let b(u) = -u**3 + u**2 + 3*u + 1. What is the tens digit of b(-7)?
7
Let k = 2 + 4. Let n = k + -6. Suppose -5*c - 3*j + 18 + 64 = n, -4*j - 4 = 0. What is the tens digit of c?
1
Let h(i) be the second derivative of 5*i**3/6 + 35*i**2 - 28*i. What is the tens digit of h(0)?
7
Let z(q) = q**3 + 14*q**2 + q + 14. Let n be z(-14). Suppose -2*t + 6*t - 332 = n. What is the units digit of t?
3
Let j = -23 + 27. Let n be 0*((-12)/j)/9. Suppose 0 = 3*k + 6, 3*i + n*i - 3*k = 27. What is the units digit of i?
7
Let s = 46 - -414. What is the tens digit of s?
6
Suppose 8*g - 3*g = 0. Let u = 17 + g. What is the units digit of u*1 + (6 - 9)?
4
Suppose -5*t = 4*j - 29, t = 2*t - 1. Suppose 34 = -j*n + 7*n. Let i = -4 + n. What is the tens digit of i?
3
Let i be 12 + -8 - 0/2. Let k(o) = 33*o - 22. What is the hundreds digit of k(i)?
1
Let x be 2 - 2 - 20/10. What is the tens digit of (66 + x)/1 - 0?
6
Suppose -6*x + 10*x = -56. What is the units digit of 4/x + -2*1959/(-42)?
3
Suppose 0 = 4*i - 524 - 40. What is the units digit of i?
1
Suppose -15*o + 24 = -11*o. Let t(j) = -12*j**2 - 8*j + 16. Let y(g) = -g**2 - g + 1. Let n(i) = -2*t(i) + 22*y(i). What is the units digit of n(o)?
6
Let g = 11 + -8. Suppose -22 = -o + 4*l, 13 + g = 3*o - 2*l. Suppose 60 = 7*r - o*r. What is the tens digit of r?
1
Suppose -21*l = -11*l - 26130. What is the tens digit of l?
1
Suppose -4*a - 5*h + 4*h = -5, 5*a + h - 6 = 0. Let v be a/(3 + 70/(-24)). Let o = v + -5. What is the units digit of o?
7
Let k(p) = -111*p - 4. Suppose 5*x = 20, 2*x - 4 = -0*r - 2*r. What is the units digit 